{"id":144,"date":"2024-11-18T09:42:54","date_gmt":"2024-11-18T09:42:54","guid":{"rendered":"http:\/\/schachverein-gretenberg.local\/?page_id=138"},"modified":"2024-12-02T09:35:07","modified_gmt":"2024-12-02T09:35:07","slug":"mitgliedschaft","status":"publish","type":"page","link":"https:\/\/schachverein-gretenberg.de\/?page_id=144","title":{"rendered":"Mitgliedschaft"},"content":{"rendered":"\n<div style=\"height:48px\" aria-hidden=\"true\" class=\"wp-block-spacer\"><\/div>\n\n\n\n<p>Wir freuen uns nat\u00fcrlich riesig, wenn Sie Mitglied unseres Vereins werden m\u00f6chten. Wenn Sie sich f\u00fcr uns und das Schachspiel interessieren, schauen Sie doch mal unverbindlich an einem unserer Vereinsabende herein. Nette G\u00e4ste sind bei uns stets willkommen. Schauen sie sich in Ruhe, gerne auch an mehreren Vereinsabenden, um. Niemand von uns wird Sie zu einem Eintritt dr\u00e4ngen.<\/p>\n\n\n\n<h2 class=\"wp-block-heading\">Beitr\u00e4ge ab 2025<\/h2>\n\n\n\n<ul class=\"wp-block-list\">\n<li>Erwachsene aktive Mitglieder 72\u20ac<\/li>\n\n\n\n<li>Erm\u00e4\u00dfigte aktive Mitglieder 48\u20ac<\/li>\n\n\n\n<li>Beitr\u00e4ge passive Mitglieder 36\u20ac<\/li>\n\n\n\n<li>Jugendliche unter 18 Jahren 24\u20ac<\/li>\n<\/ul>\n\n\n\n<p>Wenn Sie sich f\u00fcr einen Eintritt entscheiden, k\u00f6nnen Sie in unserem Vereinslokal die Beitrittserkl\u00e4rung ausf\u00fcllen, oder Sie laden sie sich hier herunter und bringen sie ausgef\u00fcllt und unterschrieben mit.<\/p>\n\n\n\n<p>Wir freuen uns auf Sie!<\/p>\n\n\n\n<div data-wp-interactive=\"core\/file\" class=\"wp-block-file\"><object data-wp-bind--hidden=\"!state.hasPdfPreview\" hidden class=\"wp-block-file__embed\" data=\"https:\/\/schachverein-gretenberg.de\/wp-content\/uploads\/2024\/12\/Eintritt-SVG-2025.pdf\" type=\"application\/pdf\" style=\"width:100%;height:600px\" aria-label=\"Einbettung von Eintritt-SVG-2025.\"><\/object><a id=\"wp-block-file--media-3c9c7725-3294-4496-861b-2f984004f94b\" href=\"https:\/\/schachverein-gretenberg.de\/wp-content\/uploads\/2024\/12\/Eintritt-SVG-2025.pdf\">Eintritt-SVG-2025<\/a><a href=\"https:\/\/schachverein-gretenberg.de\/wp-content\/uploads\/2024\/12\/Eintritt-SVG-2025.pdf\" class=\"wp-block-file__button wp-element-button\" download aria-describedby=\"wp-block-file--media-3c9c7725-3294-4496-861b-2f984004f94b\">Herunterladen<\/a><\/div>\n","protected":false},"excerpt":{"rendered":"<p>Wir freuen uns nat\u00fcrlich riesig, wenn Sie Mitglied unseres Vereins werden m\u00f6chten. Wenn Sie sich f\u00fcr uns und das Schachspiel interessieren, schauen Sie doch mal unverbindlich an einem unserer Vereinsabende herein. Nette G\u00e4ste sind bei uns stets willkommen. Schauen sie sich in Ruhe, gerne auch an mehreren Vereinsabenden, um. Niemand von uns wird Sie zu&hellip;<\/p>\n","protected":false},"author":1,"featured_media":0,"parent":0,"menu_order":0,"comment_status":"closed","ping_status":"closed","template":"","meta":{"footnotes":""},"class_list":["post-144","page","type-page","status-publish","hentry"],"_links":{"self":[{"href":"https:\/\/schachverein-gretenberg.de\/index.php?rest_route=\/wp\/v2\/pages\/144","targetHints":{"allow":["GET"]}}],"collection":[{"href":"https:\/\/schachverein-gretenberg.de\/index.php?rest_route=\/wp\/v2\/pages"}],"about":[{"href":"https:\/\/schachverein-gretenberg.de\/index.php?rest_route=\/wp\/v2\/types\/page"}],"author":[{"embeddable":true,"href":"https:\/\/schachverein-gretenberg.de\/index.php?rest_route=\/wp\/v2\/users\/1"}],"replies":[{"embeddable":true,"href":"https:\/\/schachverein-gretenberg.de\/index.php?rest_route=%2Fwp%2Fv2%2Fcomments&post=144"}],"version-history":[{"count":2,"href":"https:\/\/schachverein-gretenberg.de\/index.php?rest_route=\/wp\/v2\/pages\/144\/revisions"}],"predecessor-version":[{"id":306,"href":"https:\/\/schachverein-gretenberg.de\/index.php?rest_route=\/wp\/v2\/pages\/144\/revisions\/306"}],"wp:attachment":[{"href":"https:\/\/schachverein-gretenberg.de\/index.php?rest_route=%2Fwp%2Fv2%2Fmedia&parent=144"}],"curies":[{"name":"wp","href":"https:\/\/api.w.org\/{rel}","templated":true}]}}