{"id":26,"date":"2024-11-17T15:19:18","date_gmt":"2024-11-17T15:19:18","guid":{"rendered":"http:\/\/schachverein-gretenberg.local\/?page_id=14"},"modified":"2025-12-23T18:38:46","modified_gmt":"2025-12-23T18:38:46","slug":"turniere","status":"publish","type":"page","link":"https:\/\/schachverein-gretenberg.de\/?page_id=26","title":{"rendered":"Turniere"},"content":{"rendered":"\n<div style=\"height:26px\" aria-hidden=\"true\" class=\"wp-block-spacer\"><\/div>\n\n\n\n<p>Folgende Turniere wollen wir 2026 durchf\u00fchren:<\/p>\n\n\n\n<h2 class=\"wp-block-heading\">Vereinsmeisterschaft<\/h2>\n\n\n\n<p>Die VM wird in diesem Jahr als Schweizer System mit 7 Runden ausgetragen, mit einer Bedenkzeit von 90 Min. + 30 Sek. je ausgef\u00fchrtem Zug.<br><\/p>\n\n\n\n<h2 class=\"wp-block-heading\">Blitzen<\/h2>\n\n\n\n<p>Wir spielen in diesem Jahr 7 Blitzturniere mit 3 Min + 2 Sek Bedenkzeit je Zug.<br><\/p>\n\n\n\n<h2 class=\"wp-block-heading\">Wolfgang Seeler Pokal<\/h2>\n\n\n\n<p>Der Wolfgang-Seeler-Pokal wird j\u00e4hrlich im Ko-System ausgetragen und geht zur\u00fcck auf unser Gr\u00fcndungsmitglied Wolfgang Seeler, der den Pokal stiftete.<br><\/p>\n\n\n\n<h2 class=\"wp-block-heading\">Eberhard Riesenberg Pokal<\/h2>\n\n\n\n<p>Nach dem der von unserem ehemaligen Vorsitzenden Eberhard Riesenberg gestiftete Pokal einige Jahre mehr oder weniger unbeachtet im Schrank stand, haben wir endlich einen w\u00fcrdigen Rahmen f\u00fcr in gefunden. Seit 2018 spielen wir ihn j\u00e4hrlich in Schnellschachturnieren aus.<br><\/p>\n","protected":false},"excerpt":{"rendered":"<p>Folgende Turniere wollen wir 2026 durchf\u00fchren: Vereinsmeisterschaft Die VM wird in diesem Jahr als Schweizer System mit 7 Runden ausgetragen, mit einer Bedenkzeit von 90 Min. + 30 Sek. je ausgef\u00fchrtem Zug. Blitzen Wir spielen in diesem Jahr 7 Blitzturniere mit 3 Min + 2 Sek Bedenkzeit je Zug. Wolfgang Seeler Pokal Der Wolfgang-Seeler-Pokal wird&hellip;<\/p>\n","protected":false},"author":1,"featured_media":0,"parent":0,"menu_order":0,"comment_status":"closed","ping_status":"closed","template":"","meta":{"footnotes":""},"class_list":["post-26","page","type-page","status-publish","hentry"],"_links":{"self":[{"href":"https:\/\/schachverein-gretenberg.de\/index.php?rest_route=\/wp\/v2\/pages\/26","targetHints":{"allow":["GET"]}}],"collection":[{"href":"https:\/\/schachverein-gretenberg.de\/index.php?rest_route=\/wp\/v2\/pages"}],"about":[{"href":"https:\/\/schachverein-gretenberg.de\/index.php?rest_route=\/wp\/v2\/types\/page"}],"author":[{"embeddable":true,"href":"https:\/\/schachverein-gretenberg.de\/index.php?rest_route=\/wp\/v2\/users\/1"}],"replies":[{"embeddable":true,"href":"https:\/\/schachverein-gretenberg.de\/index.php?rest_route=%2Fwp%2Fv2%2Fcomments&post=26"}],"version-history":[{"count":3,"href":"https:\/\/schachverein-gretenberg.de\/index.php?rest_route=\/wp\/v2\/pages\/26\/revisions"}],"predecessor-version":[{"id":520,"href":"https:\/\/schachverein-gretenberg.de\/index.php?rest_route=\/wp\/v2\/pages\/26\/revisions\/520"}],"wp:attachment":[{"href":"https:\/\/schachverein-gretenberg.de\/index.php?rest_route=%2Fwp%2Fv2%2Fmedia&parent=26"}],"curies":[{"name":"wp","href":"https:\/\/api.w.org\/{rel}","templated":true}]}}