{"id":28,"date":"2024-11-17T15:21:00","date_gmt":"2024-11-17T15:21:00","guid":{"rendered":"http:\/\/schachverein-gretenberg.local\/?page_id=23"},"modified":"2026-01-08T07:52:59","modified_gmt":"2026-01-08T07:52:59","slug":"schachverein-gretenberg","status":"publish","type":"page","link":"https:\/\/schachverein-gretenberg.de\/","title":{"rendered":"Schachverein Gretenberg"},"content":{"rendered":"\n<p>Sch\u00f6n, dass Sie den Weg zu uns gefunden haben! Ob Sie ein erfahrener Schachspieler sind oder gerade erst mit dem k\u00f6niglichen Spiel beginnen \u2013 bei uns sind alle herzlich willkommen. Wir bieten sowohl Anf\u00e4ngern als auch Fortgeschrittenen die M\u00f6glichkeit, ihre F\u00e4higkeiten zu verbessern, spannende Partien zu spielen und an Turnieren teilzunehmen.<\/p>\n\n\n\n<p>Unser Verein lebt von der Begeisterung f\u00fcr Schach, dem Austausch und der gemeinsamen Freude am Spiel. Hier k\u00f6nnen Sie sich mit anderen Schachfreunden messen, neue Strategien erlernen und Teil einer engagierten und freundlichen Gemeinschaft werden.<\/p>\n\n\n\n<p>St\u00f6bern Sie durch unsere Seiten, um mehr \u00fcber unseren Verein, kommende Veranstaltungen und Trainingsm\u00f6glichkeiten zu erfahren. Wir freuen uns darauf, Sie bald bei uns begr\u00fc\u00dfen zu d\u00fcrfen!<\/p>\n\n\n\n<p>Schach ist mehr als nur ein Spiel \u2013 es ist ein Abenteuer f\u00fcr den Geist!<\/p>\n\n\n\n<p>Ihr Team vom Schachverein Gretenberg e.V.<\/p>\n\n\n\n<p><\/p>\n\n\n\n<h4 class=\"wp-block-heading\">Kinderturnier am 21 Februar <\/h4>\n\n\n\n<p>Am 21 Februar findet das n\u00e4chste Kinderturnier in Sehnde statt.<br>Beginn um 14:00 Uhr. Ende um 17:00 Uhr<br>Alle weiteren Infos: <a href=\"https:\/\/altkreis-schach.de\/web\/ausschreibung\/12kt.pdf\">https:<\/a><a href=\"https:\/\/altkreis-schach.de\/web\/ausschreibung\/12kt.pdf\" target=\"_blank\" rel=\"noreferrer noopener\">\/\/altkreis-schach.de\/web\/ausschreibung\/12kt.pdf<\/a><br>Hier gehts direkt zur Anmeldung: <a href=\"https:\/\/altkreis-schach.de\/web\/kinderturnier\/anmeldung.php?hauptmenu=kinderturnier\" target=\"_blank\" rel=\"noreferrer noopener\">https:\/\/altkreis-schach.de\/web\/kinderturnier\/anmeldung.php?hauptmenu=kinderturnier<\/a><\/p>\n\n\n\n<p><\/p>\n\n\n\n<p><br><\/p>\n\n\n\n<div class=\"wp-block-columns is-layout-flex wp-container-core-columns-is-layout-d0b3c9c8 wp-block-columns-is-layout-flex\">\n<div class=\"wp-block-column is-layout-flow wp-block-column-is-layout-flow\">\n<h2 class=\"wp-block-heading has-text-align-center\">Aktuelles<\/h2>\n\n\n\n<figure class=\"wp-block-image size-large\"><img loading=\"lazy\" decoding=\"async\" width=\"1024\" height=\"683\" src=\"https:\/\/schachverein-gretenberg.de\/wp-content\/uploads\/2024\/12\/checkmate-1511866_1920-1024x683.jpg\" alt=\"\" class=\"wp-image-5\" srcset=\"https:\/\/schachverein-gretenberg.de\/wp-content\/uploads\/2024\/12\/checkmate-1511866_1920-1024x683.jpg 1024w, https:\/\/schachverein-gretenberg.de\/wp-content\/uploads\/2024\/12\/checkmate-1511866_1920-300x200.jpg 300w, https:\/\/schachverein-gretenberg.de\/wp-content\/uploads\/2024\/12\/checkmate-1511866_1920-768x512.jpg 768w, https:\/\/schachverein-gretenberg.de\/wp-content\/uploads\/2024\/12\/checkmate-1511866_1920-1536x1024.jpg 1536w, https:\/\/schachverein-gretenberg.de\/wp-content\/uploads\/2024\/12\/checkmate-1511866_1920.jpg 1920w\" sizes=\"auto, (max-width: 1024px) 100vw, 1024px\" \/><\/figure>\n<\/div>\n\n\n\n<div class=\"wp-block-column is-layout-flow wp-block-column-is-layout-flow\">\n<h2 class=\"wp-block-heading has-text-align-center\">Turniere<\/h2>\n\n\n\n<figure class=\"wp-block-image size-large\"><img loading=\"lazy\" decoding=\"async\" width=\"1024\" height=\"683\" src=\"https:\/\/schachverein-gretenberg.de\/wp-content\/uploads\/2024\/12\/chess-2489553_1920-1024x683.jpg\" alt=\"\" class=\"wp-image-6\" srcset=\"https:\/\/schachverein-gretenberg.de\/wp-content\/uploads\/2024\/12\/chess-2489553_1920-1024x683.jpg 1024w, https:\/\/schachverein-gretenberg.de\/wp-content\/uploads\/2024\/12\/chess-2489553_1920-300x200.jpg 300w, https:\/\/schachverein-gretenberg.de\/wp-content\/uploads\/2024\/12\/chess-2489553_1920-768x512.jpg 768w, https:\/\/schachverein-gretenberg.de\/wp-content\/uploads\/2024\/12\/chess-2489553_1920-1536x1024.jpg 1536w, https:\/\/schachverein-gretenberg.de\/wp-content\/uploads\/2024\/12\/chess-2489553_1920.jpg 1920w\" sizes=\"auto, (max-width: 1024px) 100vw, 1024px\" \/><\/figure>\n<\/div>\n<\/div>\n\n\n\n<div class=\"wp-block-columns is-layout-flex wp-container-core-columns-is-layout-d0b3c9c8 wp-block-columns-is-layout-flex\">\n<div class=\"wp-block-column is-layout-flow wp-block-column-is-layout-flow\">\n<p>Hier gibt es alle News rund um den Verein, Turniere und der Mannschaft.<\/p>\n<\/div>\n\n\n\n<div class=\"wp-block-column is-layout-flow wp-block-column-is-layout-flow\">\n<p>Rund um das Spielgeschehen des laufenden Jahres.<\/p>\n<\/div>\n<\/div>\n\n\n\n<div class=\"wp-block-columns is-layout-flex wp-container-core-columns-is-layout-d0b3c9c8 wp-block-columns-is-layout-flex\">\n<div class=\"wp-block-column is-layout-flow wp-block-column-is-layout-flow\">\n<div class=\"wp-block-buttons is-content-justification-center is-layout-flex wp-container-core-buttons-is-layout-a89b3969 wp-block-buttons-is-layout-flex\">\n<div class=\"wp-block-button\"><a class=\"wp-block-button__link has-text-align-center wp-element-button\" href=\"https:\/\/schachverein-gretenberg.de\/?page_id=25\">Aktuelles<\/a><\/div>\n<\/div>\n<\/div>\n\n\n\n<div class=\"wp-block-column is-layout-flow wp-block-column-is-layout-flow\">\n<div class=\"wp-block-buttons is-content-justification-center is-layout-flex wp-container-core-buttons-is-layout-a89b3969 wp-block-buttons-is-layout-flex\">\n<div class=\"wp-block-button\"><a class=\"wp-block-button__link has-text-align-center wp-element-button\" href=\"https:\/\/schachverein-gretenberg.de\/?page_id=26\">Turniere<\/a><\/div>\n<\/div>\n<\/div>\n<\/div>\n\n\n\n<div style=\"height:25px\" aria-hidden=\"true\" class=\"wp-block-spacer\"><\/div>\n\n\n\n<div class=\"wp-block-columns is-layout-flex wp-container-core-columns-is-layout-d0b3c9c8 wp-block-columns-is-layout-flex\">\n<div class=\"wp-block-column is-layout-flow wp-block-column-is-layout-flow\" style=\"--col-width:25%;flex-basis:25%\">\n<h2 class=\"wp-block-heading has-text-align-center\">Spiellokal<\/h2>\n\n\n\n<p>Mensa der KGS Sehnde&nbsp;&nbsp;&nbsp;&nbsp;<br>Am Papenholz 11<br>31319 Sehnde<\/p>\n<\/div>\n\n\n\n<div class=\"wp-block-column has-background-background-color has-background is-layout-flow wp-block-column-is-layout-flow\" style=\"--col-width:50%;flex-basis:50%\">\n<h2 class=\"wp-block-heading has-text-align-center\">Termine<\/h2>\n\n\n\n<iframe loading=\"lazy\" src=\"https:\/\/calendar.google.com\/calendar\/embed?height=600&#038;wkst=2&#038;ctz=Europe%2FBerlin&#038;showPrint=0&#038;showTz=0&#038;mode=AGENDA&#038;showTitle=0&#038;src=c3ZncmV0ZW5iZXJnLmthbGVuZGVyQGdtYWlsLmNvbQ&#038;color=%23EF6C00\" style=\"border:solid 1px #777\" width=\"800\" height=\"600\" frameborder=\"0\" scrolling=\"no\"><\/iframe>\n<\/div>\n\n\n\n<div class=\"wp-block-column is-layout-flow wp-block-column-is-layout-flow\" style=\"--col-width:25%;flex-basis:25%\">\n<h2 class=\"wp-block-heading has-text-align-center\">Spielabend<\/h2>\n\n\n\n<p>Jeden Mittwoch, au\u00dfer in den Ferien und auch nicht an Feiertagen.<\/p>\n\n\n\n<ul class=\"wp-block-list\">\n<li>17:30&nbsp;Uhr bis 19:00&nbsp;Uhr &nbsp;&nbsp;&nbsp; Jugend- und Anf\u00e4ngertraining, Jugendturniere, Spiel und Spa\u00df<\/li>\n\n\n\n<li>ab 19:15 Uhr &nbsp;&nbsp;&nbsp;&nbsp;&nbsp;&nbsp;&nbsp;&nbsp;&nbsp;&nbsp;&nbsp;&nbsp;&nbsp;&nbsp;&nbsp;&nbsp;&nbsp;&nbsp;&nbsp;&nbsp;&nbsp; Erwachsenentraining und vereinsinterne Turniere, Spiel und Spa\u00df<\/li>\n<\/ul>\n<\/div>\n<\/div>\n","protected":false},"excerpt":{"rendered":"<p>Sch\u00f6n, dass Sie den Weg zu uns gefunden haben! Ob Sie ein erfahrener Schachspieler sind oder gerade erst mit dem k\u00f6niglichen Spiel beginnen \u2013 bei uns sind alle herzlich willkommen. Wir bieten sowohl Anf\u00e4ngern als auch Fortgeschrittenen die M\u00f6glichkeit, ihre F\u00e4higkeiten zu verbessern, spannende Partien zu spielen und an Turnieren teilzunehmen. Unser Verein lebt von&hellip;<\/p>\n","protected":false},"author":1,"featured_media":0,"parent":0,"menu_order":0,"comment_status":"closed","ping_status":"closed","template":"templates\/template-full-width.php","meta":{"footnotes":""},"class_list":["post-28","page","type-page","status-publish","hentry"],"_links":{"self":[{"href":"https:\/\/schachverein-gretenberg.de\/index.php?rest_route=\/wp\/v2\/pages\/28","targetHints":{"allow":["GET"]}}],"collection":[{"href":"https:\/\/schachverein-gretenberg.de\/index.php?rest_route=\/wp\/v2\/pages"}],"about":[{"href":"https:\/\/schachverein-gretenberg.de\/index.php?rest_route=\/wp\/v2\/types\/page"}],"author":[{"embeddable":true,"href":"https:\/\/schachverein-gretenberg.de\/index.php?rest_route=\/wp\/v2\/users\/1"}],"replies":[{"embeddable":true,"href":"https:\/\/schachverein-gretenberg.de\/index.php?rest_route=%2Fwp%2Fv2%2Fcomments&post=28"}],"version-history":[{"count":14,"href":"https:\/\/schachverein-gretenberg.de\/index.php?rest_route=\/wp\/v2\/pages\/28\/revisions"}],"predecessor-version":[{"id":530,"href":"https:\/\/schachverein-gretenberg.de\/index.php?rest_route=\/wp\/v2\/pages\/28\/revisions\/530"}],"wp:attachment":[{"href":"https:\/\/schachverein-gretenberg.de\/index.php?rest_route=%2Fwp%2Fv2%2Fmedia&parent=28"}],"curies":[{"name":"wp","href":"https:\/\/api.w.org\/{rel}","templated":true}]}}